{"id":23,"date":"2022-05-30T20:53:10","date_gmt":"2022-05-30T18:53:10","guid":{"rendered":"http:\/\/jsens.fi\/?page_id=23"},"modified":"2023-07-15T15:56:34","modified_gmt":"2023-07-15T13:56:34","slug":"humalamaki","status":"publish","type":"page","link":"https:\/\/jsens.fi\/?page_id=23","title":{"rendered":"Humalam\u00e4ki"},"content":{"rendered":"\n<p><\/p>\n\n\n\n<p>(<a href=\"https:\/\/asiointi.maanmittauslaitos.fi\/karttapaikka\/?e=417107&amp;layers=%5B%7B%22id%22:2,%22opacity%22:100%7D%5D&amp;share=customMarker&amp;zoom=9&amp;lang=fi&amp;title=Humalam%C3%A4ki&amp;n=6908822&amp;desc=Humalam%C3%A4ki\" data-type=\"URL\">K\u00e4\u00e4ntyminen Liisalantielt\u00e4 Liisalantie 400 osoitteen kohdalta<\/a> l\u00e4nteen, 2 kilometri\u00e4 ja k\u00e4\u00e4ntyminen vasemmalle)<\/p>\n\n\n\n<p><strong>Liisalantielt\u00e4 Humalam\u00e4keen olevaa tiet\u00e4 ei aurata talven aikana.<\/strong><\/p>\n\n\n\n<p>Reitti on auki&nbsp;<strong>vain<\/strong><strong>&nbsp;<\/strong>JSENS:n j\u00e4senille toistaiseksi seuraavasti:<\/p>\n\n\n\n<ul class=\"wp-block-list\">\n<li>Arkena 10.00-20.00.<\/li>\n\n\n\n<li>Viikonloppuna 10.00-18.00.<\/li>\n<\/ul>\n\n\n\n<p>\u00c4\u00e4net on pidett\u00e4v\u00e4 kurissa, joten ajaminen on sallittua ainoastaan moottoripy\u00f6r\u00e4ll\u00e4, joka l\u00e4p\u00e4isisi endurokilpailukatsastuksen (&lt; 113 db t\u00e4ysikaasulla).<br>V\u00e4ltt\u00e4k\u00e4\u00e4 (lue kielletty) mopolla ajoa tiell\u00e4 ja varsinkin Kortesalontien l\u00e4heisyydess\u00e4. Tiell\u00e4 liikkuu joku heppakyydill\u00e4kin. N\u00e4in ei h\u00e4irit\u00e4 muita tienk\u00e4ytt\u00e4ji\u00e4!<br>Seurataan miten reitti kuluu, tai alkaa kyll\u00e4stytt\u00e4\u00e4 ja muutetaan merkkauksia tarvittaessa.<br>Kivi\u00e4 ja keppej\u00e4 saa k\u00e4yd\u00e4 heittelem\u00e4ss\u00e4 reitilt\u00e4 huilatessa.<\/p>\n\n\n\n<p>Vastuuhenkil\u00f6; Ari Hanhinen<\/p>\n","protected":false},"excerpt":{"rendered":"<p>(K\u00e4\u00e4ntyminen Liisalantielt\u00e4 Liisalantie 400 osoitteen kohdalta l\u00e4nteen, 2 kilometri\u00e4 ja k\u00e4\u00e4ntyminen vasemmalle) Liisalantielt\u00e4 Humalam\u00e4keen olevaa [&hellip;]<\/p>\n","protected":false},"author":4,"featured_media":0,"parent":0,"menu_order":0,"comment_status":"closed","ping_status":"closed","template":"","meta":{"footnotes":""},"class_list":["post-23","page","type-page","status-publish","hentry"],"_links":{"self":[{"href":"https:\/\/jsens.fi\/index.php?rest_route=\/wp\/v2\/pages\/23","targetHints":{"allow":["GET"]}}],"collection":[{"href":"https:\/\/jsens.fi\/index.php?rest_route=\/wp\/v2\/pages"}],"about":[{"href":"https:\/\/jsens.fi\/index.php?rest_route=\/wp\/v2\/types\/page"}],"author":[{"embeddable":true,"href":"https:\/\/jsens.fi\/index.php?rest_route=\/wp\/v2\/users\/4"}],"replies":[{"embeddable":true,"href":"https:\/\/jsens.fi\/index.php?rest_route=%2Fwp%2Fv2%2Fcomments&post=23"}],"version-history":[{"count":7,"href":"https:\/\/jsens.fi\/index.php?rest_route=\/wp\/v2\/pages\/23\/revisions"}],"predecessor-version":[{"id":467,"href":"https:\/\/jsens.fi\/index.php?rest_route=\/wp\/v2\/pages\/23\/revisions\/467"}],"wp:attachment":[{"href":"https:\/\/jsens.fi\/index.php?rest_route=%2Fwp%2Fv2%2Fmedia&parent=23"}],"curies":[{"name":"wp","href":"https:\/\/api.w.org\/{rel}","templated":true}]}}