{"id":798,"date":"2023-10-24T19:27:06","date_gmt":"2023-10-24T17:27:06","guid":{"rendered":"https:\/\/jsens.fi\/?page_id=798"},"modified":"2023-10-24T19:27:07","modified_gmt":"2023-10-24T17:27:07","slug":"2017-bike-forum-harraste-endurot-talvi","status":"publish","type":"page","link":"https:\/\/jsens.fi\/?page_id=798","title":{"rendered":"2017 Bike Forum harraste-endurot, talvi"},"content":{"rendered":"\n<p>Jokaisessa talvisarjan osakilpailussa arvotaan kilpailuun osallistuvan JSENS:n j\u00e4senten kesken yksi 50 \u20ac lahjakortti Bike Forumiin.<\/p>\n\n\n\n<ul class=\"wp-block-list\">\n<li>su 8.1.2017\u00a0 Kalmari\n<ul class=\"wp-block-list\">\n<li>Arvonnassa arpa suosi t\u00e4ll\u00e4 kertaa Heino Hynnist\u00e4<\/li>\n\n\n\n<li><a href=\"https:\/\/jsens.fi\/data\/documents\/Kalmari_8_1_2017.pdf\">Tulokset<\/a><\/li>\n<\/ul>\n<\/li>\n\n\n\n<li>la 14.1.2017\u00a0 Kurkiniemi Rautalampi\n<ul class=\"wp-block-list\">\n<li>Arvonnassa arpa suosi t\u00e4ll\u00e4 kertaa Harri Kirjavaista<\/li>\n\n\n\n<li><a href=\"https:\/\/jsens.fi\/data\/documents\/Rautalampi_tulokset_14_1_2017.pdf\">Tulokset<\/a><\/li>\n<\/ul>\n<\/li>\n\n\n\n<li>su 29.1.2017 Puuppola\n<ul class=\"wp-block-list\">\n<li>Arvonnassa arpa suosi t\u00e4ll\u00e4 kertaa Ky\u00f6sti Vihtaria<\/li>\n\n\n\n<li>Tulokset (tulee t\u00e4nne my\u00f6hemmin)<\/li>\n<\/ul>\n<\/li>\n\n\n\n<li>ke 15.2.2017 Humalam\u00e4ki\n<ul class=\"wp-block-list\">\n<li>Arvonnassa arpa suosi t\u00e4ll\u00e4 kertaa Petri \u00c5hmania<\/li>\n\n\n\n<li><a href=\"https:\/\/jsens.fi\/data\/documents\/Humalamaki_15_2_2017.pdf\" target=\"_blank\" rel=\"noreferrer noopener\">Tulokset<\/a><\/li>\n<\/ul>\n<\/li>\n\n\n\n<li>su 5.3.2017 Taipale\n<ul class=\"wp-block-list\">\n<li>Arvonnassa arpa suosi t\u00e4ll\u00e4 kertaa Ari Siikarantaa<\/li>\n\n\n\n<li><a href=\"https:\/\/jsens.fi\/data\/documents\/Taipale_5_3_2017.pdf\" target=\"_blank\" rel=\"noreferrer noopener\">Tulokset<\/a><\/li>\n<\/ul>\n<\/li>\n\n\n\n<li>ke 8.3.2017 , Vesanka\n<ul class=\"wp-block-list\">\n<li>Arvonassa arpa suosi t\u00e4ll\u00e4 kertaa Jani Riitam\u00e4ke\u00e4<\/li>\n\n\n\n<li><a href=\"https:\/\/jsens.fi\/data\/documents\/Vesanka_8_3_2017_ver2.pdf\" target=\"_blank\" rel=\"noreferrer noopener\">Tulokset<\/a><\/li>\n<\/ul>\n<\/li>\n<\/ul>\n","protected":false},"excerpt":{"rendered":"<p>Jokaisessa talvisarjan osakilpailussa arvotaan kilpailuun osallistuvan JSENS:n j\u00e4senten kesken yksi 50 \u20ac lahjakortti Bike Forumiin.<\/p>\n","protected":false},"author":1,"featured_media":0,"parent":39,"menu_order":5,"comment_status":"closed","ping_status":"closed","template":"","meta":{"footnotes":""},"class_list":["post-798","page","type-page","status-publish","hentry"],"_links":{"self":[{"href":"https:\/\/jsens.fi\/index.php?rest_route=\/wp\/v2\/pages\/798","targetHints":{"allow":["GET"]}}],"collection":[{"href":"https:\/\/jsens.fi\/index.php?rest_route=\/wp\/v2\/pages"}],"about":[{"href":"https:\/\/jsens.fi\/index.php?rest_route=\/wp\/v2\/types\/page"}],"author":[{"embeddable":true,"href":"https:\/\/jsens.fi\/index.php?rest_route=\/wp\/v2\/users\/1"}],"replies":[{"embeddable":true,"href":"https:\/\/jsens.fi\/index.php?rest_route=%2Fwp%2Fv2%2Fcomments&post=798"}],"version-history":[{"count":1,"href":"https:\/\/jsens.fi\/index.php?rest_route=\/wp\/v2\/pages\/798\/revisions"}],"predecessor-version":[{"id":799,"href":"https:\/\/jsens.fi\/index.php?rest_route=\/wp\/v2\/pages\/798\/revisions\/799"}],"up":[{"embeddable":true,"href":"https:\/\/jsens.fi\/index.php?rest_route=\/wp\/v2\/pages\/39"}],"wp:attachment":[{"href":"https:\/\/jsens.fi\/index.php?rest_route=%2Fwp%2Fv2%2Fmedia&parent=798"}],"curies":[{"name":"wp","href":"https:\/\/api.w.org\/{rel}","templated":true}]}}