{"id":811,"date":"2023-10-24T19:38:12","date_gmt":"2023-10-24T17:38:12","guid":{"rendered":"https:\/\/jsens.fi\/?page_id=811"},"modified":"2023-10-24T19:38:13","modified_gmt":"2023-10-24T17:38:13","slug":"jyvas-marine-harraste-endurot-talvi-2020","status":"publish","type":"page","link":"https:\/\/jsens.fi\/?page_id=811","title":{"rendered":"Jyv\u00e4s-Marine Harraste-endurot, talvi 2020"},"content":{"rendered":"\n<p>28.12. H\u00e4rk\u00f6vuori<\/p>\n\n\n\n<ul class=\"wp-block-list\">\n<li><a href=\"https:\/\/jsens.fi\/data\/documents\/191228_Harkovuori.pdf\">Tulokset<\/a><\/li>\n\n\n\n<li>Arvonnassa onni suosi Arto Uusitaloa!<\/li>\n<\/ul>\n\n\n\n<ul class=\"wp-block-list\">\n<li>5.1.\u00a0 \u00a0Rautalampi\n<ul class=\"wp-block-list\">\n<li><a href=\"https:\/\/jsens.fi\/data\/documents\/200105_Rautalampi.pdf\">Tulokset<\/a><\/li>\n\n\n\n<li>Arvonnassa onni suosi Jari Hellmania!<\/li>\n<\/ul>\n<\/li>\n\n\n\n<li>11.1.\u00a0 Pet\u00e4j\u00e4vesi\n<ul class=\"wp-block-list\">\n<li><a href=\"https:\/\/jsens.fi\/data\/documents\/200111_Petajavesi.pdf\" target=\"_blank\" rel=\"noreferrer noopener\">Tulokset<\/a><\/li>\n\n\n\n<li>Arvonnassa onni suosi j\u00e4lleen Jari Hellmania!<\/li>\n<\/ul>\n<\/li>\n\n\n\n<li>4.2.\u00a0 \u00a0 Puuppola, Yhdess\u00e4 K-SMK:n kanssa\n<ul class=\"wp-block-list\">\n<li><a href=\"https:\/\/jsens.fi\/data\/documents\/20200204_Sarjaenduro_Puuppola.pdf\">Tulokset<\/a><\/li>\n\n\n\n<li>Arvonnassa onni suosi Timo Hyv\u00f6st\u00e4<\/li>\n<\/ul>\n<\/li>\n\n\n\n<li>9.2. Humalam\u00e4ki\n<ul class=\"wp-block-list\">\n<li><a href=\"https:\/\/jsens.fi\/data\/documents\/200209_Humalamaki_1.pdf\" target=\"_blank\" rel=\"noreferrer noopener\">Tulokset<\/a><\/li>\n\n\n\n<li>Arvonnassa onni suosi Ky\u00f6sti Vihtaria<\/li>\n<\/ul>\n<\/li>\n\n\n\n<li>18.2. (pime\u00e4) H\u00e4rk\u00f6vuori\n<ul class=\"wp-block-list\">\n<li>&nbsp;&nbsp;<a href=\"https:\/\/jsens.fi\/data\/documents\/200218_Harkovuori.pdf\">Tulokset<\/a><\/li>\n\n\n\n<li>Arvonnassa onni suosi Jouni L\u00e4ms\u00e4\u00e4<\/li>\n<\/ul>\n<\/li>\n\n\n\n<li>26.2. (pime\u00e4) Lievestuore, K-SMK j\u00e4rjest\u00e4\u00e4.<\/li>\n\n\n\n<li>29.2. H\u00f6yti\u00e4\n<ul class=\"wp-block-list\">\n<li><a href=\"https:\/\/jsens.fi\/data\/documents\/200229_Hoytia.pdf\">Tulokset<\/a><\/li>\n<\/ul>\n<\/li>\n<\/ul>\n","protected":false},"excerpt":{"rendered":"<p>28.12. H\u00e4rk\u00f6vuori<\/p>\n","protected":false},"author":1,"featured_media":0,"parent":39,"menu_order":11,"comment_status":"closed","ping_status":"closed","template":"","meta":{"footnotes":""},"class_list":["post-811","page","type-page","status-publish","hentry"],"_links":{"self":[{"href":"https:\/\/jsens.fi\/index.php?rest_route=\/wp\/v2\/pages\/811","targetHints":{"allow":["GET"]}}],"collection":[{"href":"https:\/\/jsens.fi\/index.php?rest_route=\/wp\/v2\/pages"}],"about":[{"href":"https:\/\/jsens.fi\/index.php?rest_route=\/wp\/v2\/types\/page"}],"author":[{"embeddable":true,"href":"https:\/\/jsens.fi\/index.php?rest_route=\/wp\/v2\/users\/1"}],"replies":[{"embeddable":true,"href":"https:\/\/jsens.fi\/index.php?rest_route=%2Fwp%2Fv2%2Fcomments&post=811"}],"version-history":[{"count":1,"href":"https:\/\/jsens.fi\/index.php?rest_route=\/wp\/v2\/pages\/811\/revisions"}],"predecessor-version":[{"id":812,"href":"https:\/\/jsens.fi\/index.php?rest_route=\/wp\/v2\/pages\/811\/revisions\/812"}],"up":[{"embeddable":true,"href":"https:\/\/jsens.fi\/index.php?rest_route=\/wp\/v2\/pages\/39"}],"wp:attachment":[{"href":"https:\/\/jsens.fi\/index.php?rest_route=%2Fwp%2Fv2%2Fmedia&parent=811"}],"curies":[{"name":"wp","href":"https:\/\/api.w.org\/{rel}","templated":true}]}}